ainder when 1000 is divided by j(10)?
43
Let f(z) = 17*z + 11*z**2 + 13*z**3 - 8*z**2 - 2 - 14*z**3. Calculate the remainder when f(-5) is divided by 59.
54
Calculate the remainder when (-46)/253 - ((-36)/(-126) + (-373060)/154) is divided by 32.
22
Let t(x) = -x**2 + 41*x - 319. What is the remainder when 27 is divided by t(30)?
5
Let t be 24 + -2 + 4 + 0. Suppose 0 = 2*j - 5*j - 3*w + 27, -5*j + 13 = -3*w. Suppose -t = -j*i - 6. Calculate the remainder when 11 is divided by i.
3
Suppose 11*l - 70 = -3*l. Suppose 0 = -2*h + 5*z + 115, 3*h - 64 = -l*z + 71. Calculate the remainder when h is divided by 13.
11
Let d = 43 - 41. Suppose 5*y = -7*p + 8*p - 19, d*y + 22 = 2*p. Suppose -3*h + p*h - 210 = 0. Calculate the remainder when 102 is divided by h.
32
Let f(x) = x**2 + 35. Suppose -596*p + 595*p - 6*t = -171, 3*t = 4*p - 441. What is the remainder when p is divided by f(0)?
12
Let l(u) = -u**3 + 4*u**2 + 10*u - 1. Suppose -16 = -4*i + 5*y, -4*i + 7*i = -6*y + 12. Calculate the remainder when 140 is divided by l(i).
23
Let u = 34 + 56. Let w(m) = -7*m + 110. What is the remainder when (14/(-4))/((-5)/u) is divided by w(11)?
30
Let z be (-14)/21*-936 + 3. Calculate the remainder when 16 is divided by z/95 + 6/(-10).
4
Suppose 5*p = -3*d + 37, -9*p + 4*p = 20. Let i = -3 - -5. Suppose c = 4*y - 40, i*y - 3*c - 16 - 4 = 0. Calculate the remainder when d is divided by y.
9
Let r(n) = n**3 + 15*n**2 - 15*n + 11. Let g be r(-16). Let o(l) = -22*l - 81. Calculate the remainder when 140 is divided by o(g).
24
Suppose -2*j - 123 = -5*j. Let o(n) = 6*n**3 + 162*n**2 - 6*n - 42. Calculate the remainder when o(-27) is divided by j.
38
Let m be (-58)/20 - 5/(-300)*-6. Calculate the remainder when 6/15 - (83/(-5) - m) is divided by ((-16)/10)/((-1)/5).
6
Let a(m) = -m**3 + 11*m + 3 - 8*m**2 - 4 - 3*m**2. Let w(b) = 3*b**2 - 25*b + 16. Let c be w(7). Calculate the remainder when 43 is divided by a(c).
10
Let m(q) = 10*q**2 + 55*q + 132. What is the remainder when m(-6) is divided by 25?
12
Let d = 8945 + -8682. Calculate the remainder when 1327 is divided by d.
12
Let i = 1044 + -409. Suppose 0 = 6*s + 41 - i. Calculate the remainder when s is divided by 37.
25
Calculate the remainder when 8*(13 - 84/(-48)) is divided by 13.
1
Let u(g) = -2*g**2 - 3*g - 1. Let h be u(-2). Let d = h + 56. What is the remainder when d is divided by (-2)/(-2)*15 - (278 - 274)?
9
Let m = -1 - -1. Calculate the remainder when (-295)/(-10 - (-8 + 3)) is divided by 0 - m/1 - -20.
19
Let o(b) = 19*b + 59. Let q be o(-3). Suppose -3*m + m = q*k - 62, -m = -5*k + 167. Calculate the remainder when 52 is divided by k.
19
Suppose -2*p - 3*q + 224 = 0, 50 - 374 = -3*p - 3*q. What is the remainder when 3891 is divided by p?
91
Let o be (-2 - 4 - 0)/(90/(-30)). Suppose -2 - o = 2*l, -5*r + 76 = -3*l. What is the remainder when 31 is divided by r?
3
Suppose 3 = m, 4*k - 3*k = -m + 37. Let y be (1 + -5)/(-1) + 0. Suppose 2*b + k = 5*q - 3*q, -4*q = y*b - 100. Calculate the remainder when q is divided by 11.
10
Let q = -3401 + 3487. What is the remainder when 18057 is divided by q?
83
Let h = 25 - 21. Suppose 0 = 3*f + 2*f - h*o - 120, 0 = 5*f - 3*o - 125. Calculate the remainder when 11363/66 - 8 - (-2)/(-12) is divided by f.
24
Let q(z) = -z**3 - 4*z**2 - 4*z - 6. Let u be q(-2). Let n be (-4*33/u)/(-2). Calculate the remainder when 29 is divided by 5 - 2 - (n + -1).
14
Suppose -1510 = -2*y + f + 307, -892 = -y - 5*f. Calculate the remainder when y is divided by 23.
10
Let m(r) = -8*r**3 - 1. Let o be m(-1). Let t(b) = 70*b - 275. Let p be t(6). Suppose -o*g + 2*g + p = 0. What is the remainder when 57 is divided by g?
28
Let u = -2352 - -2374. What is the remainder when 1312 is divided by u?
14
Let x = -468 + 676. Let m = x + -202. Calculate the remainder when 9 is divided by m.
3
Let l(f) = 104*f - 910. Calculate the remainder when l(11) is divided by 34.
30
Suppose -2*p + 4*x = 40, -x + 5*x - 20 = 0. Let m = p + 28. What is the remainder when 105 is divided by m?
15
Let c = -256 + 168. Let n = c - -42. Let j = 62 + n. What is the remainder when 23 is divided by j?
7
Suppose -10274 - 46543 = -217*m + 26945. Calculate the remainder when m is divided by 77.
1
Let u be -2 - (-3 + (-2)/(-6)*3). Suppose -3*b + b = u. Suppose -h = -b*h - 8. Calculate the remainder when 39 is divided by h.
7
Calculate the remainder when 192 is divided by 62 + (36/(-8))/9 + (-7)/(-2).
62
Let c be ((-273)/28)/13 - 1262/(-8). Suppose 2*u + 6 = 0, 5*f = -5*u + 9*u + c. What is the remainder when 110 is divided by f?
23
Suppose 4*r - 6*r = -58. Suppose 9*o - 35 = 2*o. Suppose -3*f = 0, -2*b + 28 = o*f - 2. Calculate the remainder when r is divided by b.
14
Suppose 5*c = 4*w + 233, c - 49 = -2*w + 4*w. Let y(d) = 52*d - 563. Calculate the remainder when c is divided by y(11).
0
Suppose n + 576 = 3*a, -367*a - 4*n + 926 = -362*a. Calculate the remainder when a is divided by 97.
93
Let p(l) = -5*l**3 - 2*l**2 - 26*l + 43. Let q(m) = 5*m**3 + 2*m**2 + 24*m - 44. Let t(f) = -6*p(f) - 5*q(f). What is the remainder when 43 is divided by t(1)?
3
Suppose -z + 2*z = -97. Suppose -4*b + x + 26 = -x, 2*x + 21 = 3*b. What is the remainder when (-9)/36 + z/(-4) is divided by b?
4
Let t = -1731 + 1753. Calculate the remainder when 1780 is divided by t.
20
Suppose 44 = 4*n - 83*p + 87*p, -5*n + 79 = -3*p. What is the remainder when 53 is divided by n?
11
Suppose 0 = 3*k + 4*a - 51, -3*k + 2*a + 96 = 27. Suppose 2*j - 35 = -25. Calculate the remainder when k is divided by j.
1
Let s(l) = -19*l**2 - 24*l - 46. Let r be s(-2). What is the remainder when 302 is divided by -8 - (r + (-8 - -13))?
58
Let b = 2841 - 2511. What is the remainder when b is divided by 330?
0
Let l = 263 - 255. Let d = -26 - -77. What is the remainder when d is divided by l?
3
Let x = 201 + -175. Let z(c) = -c**2 + 26*c + 21. Calculate the remainder when 122 is divided by z(x).
17
Suppose -148*g - 2*m = -143*g - 409, 5*m = 3*g - 233. Let f(z) = 3*z**2 - 5*z. What is the remainder when g is divided by f(6)?
3
Suppose 4*d + 8 = 2*d, 4*d = 4*x - 4. Let b be ((-71)/(-3))/(x/36). Let o = -197 - b. What is the remainder when o is divided by 44?
43
Suppose -19 + 13 = -2*s. Let p(t) = 10*t**2 - 7*t + s + 1 + 11*t. Calculate the remainder when p(-3) is divided by 14.
12
Calculate the remainder when 183 is divided by 810/2025 - 93/(-5).
12
Let t = -12775 - -12824. What is the remainder when 752 is divided by t?
17
Let w be 204/50 + (-1)/((-100)/(-8)). What is the remainder when 20 is divided by 9 - 0 - ((w - 1) + 0)?
2
Let h be (-4)/30*3 + (-552)/(-5). Let t = h - 95. Suppose 9 = -12*g + t*g. What is the remainder when 16 is divided by g?
1
Let i(x) = 128*x - 347. Calculate the remainder when 5584 is divided by i(3).
34
What is the remainder when (-457080)/(-351) + (-6)/27 is divided by 17?
10
Suppose -19*i - 179 = -21*i - n, 5*n = -2*i + 191. Calculate the remainder when 4659 is divided by i.
83
Let z = 413 + -461. What is the remainder when (-5970)/z - ((-21)/8 - -3) is divided by 41?
1
What is the remainder when 27/5*(-3 - (-6 - 7)) is divided by 25?
4
Suppose -5 = k - 14. Let o = 401 - 373. Calculate the remainder when o is divided by k.
1
Let u = 18015 + -17149. Calculate the remainder when u is divided by 39.
8
Calculate the remainder when (-1)/2*1*-254 is divided by 36/132 + (-11790)/(-330) - (-5 - 2).
41
Let l(z) be the first derivative of -5*z**2/2 - 6*z - 1. Calculate the remainder when ((-176)/20)/(10/(-50)) is divided by l(-6).
20
Let m be 377/78*(7 - 1). Let x = m + -24. Suppose x*v - 33 = -8. Calculate the remainder when v is divided by 2.
1
Suppose 34 + 11 = 3*u. Let y be -4*(u/(-2))/5. Let q = 32 + y. Calculate the remainder when q is divided by 11.
5
Let c = -21 - -24. Let x be (1 - c) + 41 + (-3)/(-1). Suppose x = z + 6*z. What is the remainder when 10 is divided by z?
4
Let r be (-6)/(-2) + (38 + 1)*-1. Calculate the remainder when (-1)/(-2)*320/10 is divided by ((-2)/(-6))/(-3 + (-110)/r).
4
Let x(t) = -4*t**2 + 63*t + 38. Suppose -2*m + 121 = j, 3*m = -0*m - j + 181. What is the remainder when m is divided by x(16)?
16
Let y = -344 + 813. Calculate the remainder when (3/(-4))/(-2 + y/236) is divided by 22.
15
Let j be ((-237)/4)/(9/36). Suppose o 